t) = -t**2 - 7*t + 2. Let x be q(-7). Suppose 0 = x*v + 3 - 11. List the prime factors of v.
2
Let i(h) = 11*h**2 + 26*h - 15. Let v(z) = 4*z**2 + 9*z - 5. Let y = -1 - -4. Let l(f) = y*i(f) - 8*v(f). What are the prime factors of l(-7)?
2
Suppose 6*i - 5 = i. What are the prime factors of -10*i/(4/(-16))?
2, 5
Let t = 4 + 36. List the prime factors of t.
2, 5
Let o(s) = s**2 + 12*s + 15. List the prime factors of o(-13).
2, 7
List the prime factors of (109/2 - 0)*2.
109
Let n(h) = -2*h**2 + 13*h + 25. Let r(b) = -b**2 + 6*b + 13. Let o(q) = 6*n(q) - 11*r(q). What are the prime factors of o(12)?
7
Let w(z) = z**2 - 12*z + 18. Let p be w(10). What are the prime factors of 4/(-8) - 21/p?
2, 5
Let l = -8 + 18. Let y = 26 - l. Suppose w = 5*w - y. What are the prime factors of w?
2
List the prime factors of (3 + 2)*(-24)/(-30).
2
Let k(y) = 2*y**2 + 7*y + 5. What are the prime factors of k(-4)?
3
Let b(m) = m**3 - 8*m**2 - 6*m - 11. List the prime factors of b(9).
2
Suppose c - l - 1 + 2 = 0, c + 5 = 5*l. Suppose -4*p = -c*w - w + 64, 0 = w + 5*p - 91. Suppose -w = -4*s - 0*s. What are the prime factors of s?
19
Suppose -8 = -4*x - 4*k, 0 = -5*x + 3*k - 7*k + 10. Suppose 2*v + 2*v - 63 = 5*c, -x*v - 5*c = -9. List the prime factors of v.
2, 3
Let b(s) = -3*s + 5 - 8 + 2*s**2 - 3. What are the prime factors of b(5)?
29
Let s(k) = -21*k**3 - k**2 - 2*k - 1. What are the prime factors of s(-1)?
3, 7
Let z be -3 - -31 - (-1 + 0). What are the prime factors of (z + -3 + -3)*1?
23
Suppose 9*p + 223 = 10*p. What are the prime factors of p?
223
Suppose -5*a = -2*r + 25, 3*a = -3*r + a + 9. Suppose 0 = -t - 3, 2*v + 0 = -3*t + r. What are the prime factors of v?
7
Let t be -1 + 4 + 84/4. List the prime factors of (t/(-20))/((-4)/30).
3
Let x = -27 - -70. List the prime factors of x.
43
List the prime factors of 0 + 46*3 + 10 + -13.
3, 5
Let m(v) = v**3 - 5*v**2 + 6*v. Let p be m(4). Suppose -5*l + 4 = -1. Let x = p + l. List the prime factors of x.
3
Suppose 25 = 5*h - 0*h. Suppose 9 = 2*s - 4*m - 15, -5*m = 4*s + 17. Suppose -s*g = h + 5, -5 = 2*y + 5*g. List the prime factors of y.
2, 5
Let c(s) = s + 2. Let x be c(2). Suppose -5*j - 5*y + 160 = 0, x*j + y - 5*y - 128 = 0. List the prime factors of j.
2
Let w = -98 - -182. What are the prime factors of w?
2, 3, 7
Suppose -2*w + 3*o - 11 = 0, -3*w - o + 16 = o. Let h be (6/(-7))/((-2)/14). Suppose -5*u + w*a + 2 = 0, a + h = 5*u - 0*u. What are the prime factors of u?
2
Let r = 21 + 15. Suppose -c - r = 2*c. Let s = c - -22. What are the prime factors of s?
2, 5
Let a = -1 - -4. Suppose 30 = 5*g - 5*n, -15 - 9 = -3*g - a*n. What are the prime factors of g?
7
Let z(b) = b + 11. Let i be (24/9)/(-2)*6. Let m be z(i). Let w = m - 1. List the prime factors of w.
2
Let x(i) be the second derivative of 4*i + 0 - 3*i**3 - 1/2*i**2. What are the prime factors of x(-1)?
17
Let f be (20/(-5))/(-3 - -1). Suppose i = -f*x + 25, 5*x - 5*i + 26 - 81 = 0. What are the prime factors of x?
2, 3
Suppose 0 = 4*d + 1 - 5. Let n(r) = r + 2. Let v be n(7). Let f = v + d. List the prime factors of f.
2, 5
Let f = 10 + -11. Suppose 2*u - 2 = 4. What are the prime factors of (f - 21)/(u + -5)?
11
Let q(w) = w**2 + 1. Let t be q(1). Suppose t*a + 10 = 4*k - 0, 5*a - 4*k + 1 = 0. Suppose o - 12 = -4*i, 5*i - 24 = a*i - 5*o. List the prime factors of i.
2
Let f be (-9)/2*(-8)/12. Suppose f*h + h - 180 = 0. List the prime factors of h.
3, 5
Suppose 0 = t + 3*t - 12, 2*r - 3*t + 1 = 0. Suppose 5*b = r*d - 7*d + 69, -5*b = -d + 23. What are the prime factors of d?
23
Suppose 3*p + 5*g - 127 = 0, g = -p - 0*g + 43. List the prime factors of p.
2, 11
Let s = 154 + -32. List the prime factors of s.
2, 61
Let j(r) = -r - 1. Let y(b) = b**2 + 12*b + 11. Let h be y(-11). Let l be j(h). Let n = l + 11. List the prime factors of n.
2, 5
Suppose p - 2*t = 11, -4*p + 32 - 4 = -4*t. Suppose -2*j - 8 = 0, -f + j = 2*f - 7. Let a = p - f. What are the prime factors of a?
2
Let h = 18 + -11. Let i(p) be the first derivative of p**2 - 2*p + 1. What are the prime factors of i(h)?
2, 3
Let z = -77 + 176. List the prime factors of z.
3, 11
Suppose -7*o + 165 = -2*o. Suppose -3*i = -0*i - o. Let h = 22 - i. List the prime factors of h.
11
Let x be 1*(-2 - -2)/(-2). Let u = 18 + x. Suppose -2*m + b + 13 = 0, -u = -3*m - b + 2*b. What are the prime factors of m?
5
Suppose -6*b + 70 = -b. Let k = 31 - b. List the prime factors of k.
17
Suppose -5*r + 202 = 3*g, 5*g + 8 - 28 = 0. What are the prime factors of r?
2, 19
Suppose 4*u = u. Suppose -4*f + u*f + 28 = 0. List the prime factors of f.
7
Let p = 24 + -18. What are the prime factors of p?
2, 3
Let z = -24 + 47. Suppose -3*v + 22 = -5*d, 5*v - 4*d = 2*v + z. Suppose -v - 11 = -5*t. List the prime factors of t.
2
Suppose -3*x - 5*n = -x - 15, -3*x - 5*n + 10 = 0. Let u = 4 + x. List the prime factors of 9 + -1 + u + -1.
2, 3
Suppose 3*m = g + 4*g - 32, 4*g - m = 20. Suppose 3*a + 5*h = -2*a + 25, -g*a + 14 = 2*h. List the prime factors of a.
2
Let n be 418/4 + 1/(-2). List the prime factors of -3*1*n/(-6).
2, 13
Let f(j) = j + 11. Let r be f(-9). Suppose 2*i + r*l = 6*i - 22, -2 = -4*i - 2*l. Suppose -i*h + 6 + 33 = 0. What are the prime factors of h?
13
Let f be 1/(-2) - (-266)/4. Suppose -5*o - 4*d + f = 0, -d = 2*o + 13 - 40. What are the prime factors of o?
2, 7
Suppose -3 = h, 0*t + 5*h + 37 = 2*t. Suppose 7*j - t*j + 88 = 0. List the prime factors of j.
2, 11
Let t be 1*-2*(-13 + 5). Suppose 0 = -5*n + t + 4. What are the prime factors of n?
2
Let i(j) = j**3 + 7*j**2 - 8*j - 1. Let g be i(-8). Let n = -18 + 30. Let o = n + g. What are the prime factors of o?
11
Let y(n) be the second derivative of -35*n**3/6 + n**2/2 + 5*n. List the prime factors of y(-1).
2, 3
Suppose 3*o - 3*u = 2*u + 1270, 2*u + 1255 = 3*o. Let i = -279 + o. List the prime factors of (i/20)/((-4)/(-10)).
17
Let u = -3 + -8. Let q(h) = -2*h - 6. Let m(l) = 2*l + 5. Let a(p) = 3*m(p) + 4*q(p). What are the prime factors of a(u)?
13
Suppose -1 = 5*l - 21. Suppose -l*o - 1 + 5 = 0. Suppose y = o + 7. What are the prime factors of y?
2
Let z be (-8)/(-5) + (-12)/(-30). Suppose -r - 5*w = -z, 4*r + w = -2*w + 8. Suppose r*s + 24 = 5*s. List the prime factors of s.
2
Let h = 9 - 7. Suppose h*w - 58 = -0*w. What are the prime factors of w?
29
List the prime factors of ((-331)/(-5) - -1) + (-4)/20.
67
Let x(k) = 62*k - 4. List the prime factors of x(2).
2, 3, 5
Suppose 3*v = 4*b - 0*v - 53, -3 = -3*v. List the prime factors of 12/8*(b + 0).
3, 7
Suppose 2*m - r + 18 = 3*r, -2*r + 4 = 0. Suppose -p + 132 = -5*p. What are the prime factors of p/(-15) + 1/m?
2
Let d = 42 - 27. What are the prime factors of d?
3, 5
Let v(x) = -x**3 - 5*x**2 - 2. Let y be v(-6). Suppose 11*l - y = 9*l. What are the prime factors of l?
17
Suppose -j + 2 + 1 = -4*c, -2 = -3*c + 5*j. Let g be -1*(-14 - (-2)/c). Suppose q = -5*b + 3*b + g, -4 = -2*b. List the prime factors of q.
2, 3
Suppose p - 199 = -p + s, -288 = -3*p + 5*s. Suppose -p = 3*b - 20. List the prime factors of 12*-1*b/36.
3
Let d be (-6)/(-15) + (-106)/(-10). What are the prime factors of 5889/143 - 2/d?
41
Suppose 4*w = -0*w + 44. What are the prime factors of w?
11
Let m = 10 - -35. What are the prime factors of m?
3, 5
Let i(q) = q**2 + q + 1. Let g be i(-4). Let x(k) = -k**2 + 14*k + 4. What are the prime factors of x(g)?
17
Let b be (4 - 1) + (0 - -2). Let y(v) = v**3 - 3*v**2 - 7*v + 1. List the prime factors of y(b).
2
Let n(d) = 5*d - 1. Let f be n(-1). Let x = -6 - f. Suppose 4*c + 3*j = 26 + 35, -3*c - j + 42 = x. What are the prime factors of c?
13
Let c be (0 - (-2)/(-3))*3. What are the prime factors of ((-10)/(-4))/((-1)/c)?
5
Let n(i) = 3 + i**2 + i**2 - 4 - i**2 - 4*i. List the prime factors of n(5).
2
Let k = -33 + 58. What are the prime factors of k?
5
Suppose -3*f = -4*f + 3*m + 111, m + 333 = 3*f. What are the prime factors of f?
3, 37
Suppose 3*s = 5*w - 269, 4*s + 103 = 3*s - w. Let h = -56 - s. List the prime factors of h/4 - 1/2.
2, 5
Suppose 0 = -k - 2*g + 6, 0 = -2*k - 3*g + 5*g + 42. What are the prime factors of k?
2
Suppose 9*m - 385 = 2*m. What are the prime factors of m?
5, 11
Let p(j) = j**2 - 5*j + 7. Let y be p(6). Suppose -4*w + y + 3 = 0. Suppose -2*a - 8 =